late the highest common divisor of 45 and b.
15
Let l(f) = -12*f**3 + 2*f**2. Let q be l(-2). Suppose -1 + 14 = r. What is the greatest common divisor of r and q?
13
Let x = 25 - 21. Suppose x*c = 20 + 76. What is the highest common factor of c and 16?
8
Suppose 4*q - 46 = p, 2*q - 68 = -3*q - 4*p. Calculate the highest common factor of q and 84.
12
Let u be (3*1)/((-2)/(-16)). Suppose 2*z = -2*n + 4, -8 = 4*z - 5*n + 2. Suppose z*s + 18 = 3*s. What is the highest common divisor of s and u?
6
Let h = -14 - -35. Suppose -u = -5*j + 3*u + 104, -j + u + h = 0. What is the highest common factor of j and 10?
10
Let k(r) = -2*r + 4. Let w = 8 + -11. Let v be k(w). Calculate the highest common divisor of 4 and v.
2
Let l = -8 + 16. Suppose 0 = 4*k + 5*z - 234, -k - 5*z + 27 + 39 = 0. Calculate the highest common factor of l and k.
8
Let p(n) = 9*n**2 - 1. Let j be p(-1). Let d be 4*28/j + -1. Calculate the highest common factor of 65 and d.
13
Let m(j) = j**2 + 3*j + 4. Let t be m(-3). Suppose -4*u + 0*d + d + 94 = 0, t*u - 3*d = 90. What is the highest common factor of u and 8?
8
Let y = -7 - -16. Let n = -10 - -7. Let o be n/y - (-38)/6. Calculate the greatest common divisor of 36 and o.
6
Suppose -32 = -3*p - p. What is the greatest common factor of 8 and p?
8
Let m be -2 + 7/((-14)/(-80)). Suppose -h - 3*z = 2, 0*h + m = 3*h - 2*z. Calculate the highest common factor of 70 and h.
10
Suppose 2*h = -7 + 1. Let c(u) = 7 + 4*u - 3 - 5*u. Let x be c(h). What is the highest common divisor of 49 and x?
7
Let o be (3/(-12))/((-1)/4). Let f(x) = -x - 3. Let h be f(-7). What is the greatest common divisor of h and o?
1
Let n = 30 - 22. What is the highest common factor of n and 4?
4
Let l be 9 + -17 + 8 - (0 + -1). Let y = -4 + 2. Let w = y - -9. Calculate the highest common factor of l and w.
1
Let g be -1 + 108 + (-9)/(-3). Let m = 165 - g. Suppose -3*p + 2*p - 5*i + 10 = 0, -5*p = 5*i - 30. What is the highest common divisor of p and m?
5
Let m = -90 + 249. What is the highest common factor of 106 and m?
53
Suppose -n + 10 - 3 = -5*f, 5*n - f - 59 = 0. Calculate the greatest common divisor of n and 3.
3
Let o(w) = 2*w + 16. Let d be o(3). What is the greatest common factor of d and 77?
11
Suppose 4*b = 3*z - z - 44, 2*z - 2*b - 38 = 0. What is the greatest common divisor of z and 4?
4
Let r = -45 - -65. Let s be 1595/20 + 1/4. Calculate the greatest common factor of s and r.
20
Suppose -3*j + 7*j - 168 = 0. Suppose 0 = 2*d + 3*n - 13, -5*d + 24 = n - 41. What is the greatest common factor of d and j?
14
Let d be 0 - -3 - (2 - 1). Suppose -138 = -d*n + 38. What is the greatest common factor of n and 11?
11
Let z(i) = 2*i - 3. Suppose -3*c - 5*f = -c - 8, -49 = -5*c + 2*f. Let g be z(c). What is the greatest common factor of 45 and g?
15
Suppose -235 = -7*a + 255. Calculate the greatest common divisor of a and 28.
14
Suppose 2*b - 27 + 0 = d, -5*b - d + 50 = 0. What is the highest common divisor of b and 99?
11
Let m = -31 - -174. What is the highest common divisor of 13 and m?
13
Let u = 0 + 8. Suppose 2*c - 20 = u. Suppose 6 + c = 2*v. What is the highest common divisor of v and 110?
10
Let j be 1/((-2)/(-4)) - -13. What is the highest common divisor of 120 and j?
15
Suppose -2*q - 9 + 30 = -3*t, 3*q - 51 = -2*t. Calculate the greatest common divisor of 5 and q.
5
Let t(k) = k + 16. Let i be t(4). What is the highest common factor of i and 80?
20
Suppose 3*s = -5*x + 27, 2*s - 16 = 4*x - 8*x. Calculate the greatest common divisor of s and 119.
7
Suppose 5*f = -2*b - 26, -5*f = 5*b - b + 22. Let i be (2 - f) + 1*-2. Let z = 161 - 113. Calculate the greatest common factor of z and i.
6
Let g(v) = v**3 - v**2 - 4*v + 2. Let r be g(3). Let h be (1 + r)/((-15)/(-140)). What is the highest common divisor of h and 12?
12
Let a(j) = 39*j**2 - 2*j - 2. Let n be a(-1). What is the greatest common divisor of n and 13?
13
Suppose -2*p = 3*p - y - 184, -p + 42 = 5*y. What is the highest common factor of p and 148?
37
Let d be 372/27 - 4/(-18). Calculate the highest common factor of 7 and d.
7
Let s(r) = 2*r**2 + r + 4. Let l be s(-6). Let f = -318 + l. Let z = -144 - f. Calculate the highest common factor of z and 13.
13
Let m(s) = s**3 + 3*s**2 - 5*s - 3. Let f be m(-3). Suppose 2*h + 5*o = -16, 6*o = -4*h + o - f. Calculate the greatest common factor of h and 8.
2
Suppose 21*i = 9*i + 216. What is the greatest common factor of 2 and i?
2
Let n = 2 - 0. Suppose 4 = -n*o + 8. Suppose -2 = -v + o. Calculate the highest common divisor of 10 and v.
2
Suppose 21 = 2*y + y. Let d(b) = -2*b**3 - b**2. Let z be d(-4). Suppose z + 63 = 5*v. What is the greatest common divisor of y and v?
7
Let h be 5 + -2 + -1 + 1. Suppose h*i + 9 = 4*n, -9 + 30 = n + 3*i. What is the greatest common factor of n and 6?
6
Suppose 6*w + 27 = 9*w. What is the highest common factor of 9 and w?
9
Let v(u) = -u**2 + 11*u + 6. Let y be v(11). Calculate the highest common divisor of 12 and y.
6
Let k be (16/24)/((-4)/(-6)). Calculate the highest common factor of k and 3.
1
Let f be (1 - 0) + -21 + -3. Let v = 45 + f. Calculate the greatest common divisor of 176 and v.
22
Suppose -2*u + 57 = 5*f, 5*f - 21 = u + 48. Calculate the highest common factor of 65 and f.
13
Suppose x - 18 = 4. What is the greatest common factor of 88 and x?
22
Let i be 6/(-27) + (-184)/(-18). Let j be i + (2 + -3 - 3). Calculate the greatest common factor of j and 66.
6
Let k = -456 + 652. Calculate the greatest common factor of k and 14.
14
Let y be 10/4*66/15. Calculate the greatest common factor of y and 55.
11
Let y(q) = 4*q - 22. Let c be y(9). Suppose 5 = -3*n + 3*z - 4*z, -10 = -4*n + 2*z. Suppose n = -4*f + 26 + 86. Calculate the highest common factor of c and f.
14
Let s(t) = -t - 13. Let z be s(-18). Suppose -8*k + 18 = -z*k. What is the highest common factor of k and 42?
6
Suppose 2*u + 46 = 3*y, -2*y - 2*y - u = -65. Suppose 2*j = -3*w + 4, 4*j + 3*w = -1 + 9. Calculate the greatest common factor of y and j.
2
Let f = 309 + -187. Calculate the greatest common divisor of 61 and f.
61
Let h = -35 + 85. Let l = -1 + 2. Let i(w) = 20*w**3 - w**2 + 1. Let z be i(l). Calculate the greatest common divisor of z and h.
10
Let j(a) = -a - 1 + 1. Let p be 7/(-4) - 6/24. Let c be j(p). Calculate the highest common factor of 10 and c.
2
Suppose -r - 855 = -6*r. Let l(h) = h**3 - 8*h**2 - 10*h + 11. Let j be l(9). Let n be ((-38)/(-6))/(j/6). What is the highest common divisor of n and r?
19
Let o = 90 + -51. Suppose -5*g = -16 - o. What is the highest common divisor of g and 66?
11
Let l = -20 + 20. Suppose 4*g - 24 = -l*g. What is the highest common divisor of g and 66?
6
Suppose 3*d - 5 = 4, -4*s - 4*d + 52 = 0. Let k(p) = 59*p - 8. Let g be k(2). Calculate the highest common factor of g and s.
10
Suppose -5*i - d - 2*d - 115 = 0, -2*i = -d + 35. Let h = 6 - i. What is the highest common factor of 13 and h?
13
Suppose 7*f = 2*f - x + 421, -f + 89 = -x. Calculate the highest common divisor of f and 17.
17
Let r = 0 - -12. Let m = -1 + 9. Calculate the highest common factor of r and m.
4
Let x be ((-6)/(-9))/((-2)/(-204)). Let f be 3/(-2)*-12 + -1. What is the greatest common divisor of f and x?
17
Let y = 0 + 6. Suppose 0*s + 4*s - 8 = 0. Suppose -2*n + s*j + 86 = 0, n = -n + 5*j + 89. Calculate the highest common factor of y and n.
6
Let u(h) = -4*h - 9. Let v be u(-5). Let r = -7 + 18. Calculate the greatest common factor of v and r.
11
Let f = -20 - -68. What is the highest common divisor of f and 12?
12
Let k be 60/1 - (2 + 1). Calculate the greatest common divisor of 38 and k.
19
Let w(l) = -l + 3. Let a be w(3). Let g be 0 - (-2 + a/(-3)). Let r be g*-1 - -145 - -1. Calculate the greatest common factor of 18 and r.
18
Suppose 0 = 3*g + 3*m + 48, 101 = -5*g + 4*m - 6. Let q be (5 - g) + 1*3. Let z be (9/(-2))/3*-12. What is the greatest common factor of q and z?
9
Let k(d) = 2*d - 8. Let u be k(11). What is the highest common factor of 14 and u?
14
Suppose -5*y + 7726 = -4*h - 2864, 0 = y - 3*h - 2118. Let i be 2/(-13) - y/(-78). Calculate the highest common factor of i and 162.
27
Suppose -5*a + 34 - 4 = 0. What is the highest common factor of 2 and a?
2
Let w be (-14)/(-8) + 2/8. Suppose 3*y + w*y = 120. Calcula